ber?
True
Is 43853/1 - (-1358)/97 prime?
True
Suppose y - 2*z - 11 + 3 = 0, y - 5*z = 17. Is (4*y/10)/((-62)/(-15035)) a composite number?
True
Let c = -71 - -71. Suppose c = a - 2 - 2. Is 2/a*-15*13958/(-21) a composite number?
True
Let x(f) = -5039*f + 76. Let l be x(-14). Let m = l - 38445. Is m prime?
False
Suppose 89*m - 139*m + 17781950 = 0. Is m composite?
True
Suppose 0 = 4*v + v - 2*k - 26, 0 = -5*v - 4*k + 8. Suppose -126 - 2 = -v*b. Suppose b*i - 476 = 28*i. Is i prime?
False
Let r be 3 - (-1631 + 0 + -4). Let c = 1396 - 249. Let x = r - c. Is x prime?
True
Let u = -57939 - -104096. Is u prime?
False
Let g = 45641 + -30893. Let c = -3509 + g. Is c composite?
False
Let k = 1552 - 924. Suppose 3*g + t + 1938 = -k, 4*g - 5*t + 3415 = 0. Let v = -161 - g. Is v prime?
False
Let t = 21205 + 57952. Is t composite?
True
Let p = 24075 - 13268. Let g = p - 3116. Is g a composite number?
False
Let c be 3592/(2/(-21)*-7). Suppose 138*n + c = 144*n. Is n a composite number?
True
Is 1/((-9)/(-63)) - (-3 + 3 + -49720) composite?
False
Let i(t) = -127*t - 24. Let g(w) = -128*w - 25. Suppose p = -8 + 10. Let b(s) = p*i(s) - 3*g(s). Is b(5) a prime number?
True
Suppose 0 = -17*p + 135361 + 77853. Suppose -3*t + 6*a = 5*a - 12530, -2*a = 3*t - p. Is t composite?
True
Let g = 84953 + -48362. Is g a composite number?
True
Let i be (-6)/21 - ((-33358)/(-14) + 1). Let h = i + 7859. Suppose 5*y + 3*g = -2*g + h, -y + 1101 = -2*g. Is y composite?
False
Let t(p) = 15728*p + 497. Is t(6) a composite number?
True
Suppose -106*s = 1873755 - 51857737. Is s a composite number?
True
Suppose -m + 31469 = 5*i, 5*m - 157345 = 54*i - 55*i. Is m a composite number?
False
Let f(w) = -18*w**3 - 5*w**2 - 14*w - 9. Let r = 436 + -444. Is f(r) a composite number?
False
Is 41919 - (-3 + (3 - 7)) a composite number?
True
Let l(r) = 2373*r + 12116. Is l(147) composite?
False
Suppose -2*a = -4*c + 4, -3*c + a + a + 3 = 0. Let g(k) be the second derivative of 267*k**4/4 - k**3/2 - k**2/2 - 160*k. Is g(c) composite?
False
Suppose 2*x + 6 = 2*f, -x = 3*f - 0*x + 7. Let l(u) = 14*u - 30. Let h be l(21). Let s = h + f. Is s composite?
False
Let g = 263108 - 173355. Is g a composite number?
False
Let n = 234 - 231. Suppose -n*w + 41658 = 4719. Is w composite?
True
Let o be 2/7 + 5 + 150/(-35). Let a(r) = 2414*r**3 - 3*r + 2. Is a(o) a composite number?
True
Suppose 60877 = 5*d + 212. Is d a prime number?
False
Let m be (-1 - 2320/9) + 8/(-36). Let l = -68 - m. Is l prime?
True
Is -9*1559177/(-72) - (66/16 + -4) a composite number?
True
Suppose -8 = -4*w + 2*u + 2*u, 14 = 4*w + 2*u. Suppose -w*p + 3*i - 7825 = i, -5216 = 2*p - i. Let r = -454 - p. Is r a composite number?
False
Suppose -4*h = 4*s - 43 - 41, -2*h = -2. Suppose 0 = -4*x + s, -40 = -2*z - 5*x + 47. Is z a prime number?
True
Let n = 84481 + 48898. Is n prime?
True
Suppose -34 = 11*h + 32. Is 1593 + h/(-6)*2/2 prime?
False
Let m = 672 + -669. Suppose -m*i = f - 32942, 7*f - 6*f = 4*i + 32921. Is f a composite number?
False
Let y be 216/21*(-28)/(-6). Suppose y*i + 22492 = 52*i. Is i composite?
False
Suppose 44*l = 42*l - f + 2714663, -5429335 = -4*l + f. Is l composite?
False
Suppose -2*l - 9*l = -0*l. Is l - 6/((-30)/280405) a prime number?
True
Let r(k) = -k**3 - 36*k**2 + 3*k - 37. Let d be 6/(-3)*(-117)/(-6). Is r(d) a prime number?
True
Let k(r) be the first derivative of r**3 + 69*r**2/2 + 35*r - 144. Is k(-29) a composite number?
False
Let h(q) = -q**3 - q**2 + 13*q + 7. Let c be h(-4). Suppose 0 = -0*z + 4*z - c*i - 6581, 0 = -5*i + 25. Is z composite?
True
Suppose -4*n - 24307 = -3*l + 27861, l + 4*n = 17400. Suppose -88817 = -4*s - 5*a - l, -3*s - a + 53566 = 0. Is s prime?
False
Let n(t) = 56*t**2 - 4*t + 7. Suppose -5*k + 15 = -0*f + 5*f, -10 = -2*f + 2*k. Is n(f) a composite number?
False
Let n(m) = 18*m + 61. Let c(y) = -y**2 - 17*y - 61. Let w(z) = -5*c(z) - 4*n(z). Is w(-24) a prime number?
False
Let a(o) = -2*o + 121*o**2 - 15*o**2 - 5 - 6 + 106*o**2. Is a(3) a prime number?
False
Let x be -6*(-6 - 1161/(-18)). Let k be (-2985)/(-4) + (-2)/8. Let t = x + k. Is t composite?
True
Let c = 31416 - -817. Is c prime?
True
Suppose 12*w - 9*w + 16059 = -2*r, 3*w = -4*r - 16053. Let b = 7862 + w. Is b composite?
True
Suppose 19 = 2*h + 3*c - 22, 0 = -4*h - 2*c + 78. Let u = h - 15. Suppose 16 = 4*t, -u*p + t = -2*t - 6824. Is p composite?
False
Suppose 413*b - 418*b = -264245. Is b a composite number?
True
Let z be (2829/3)/(4 - 5). Let b(q) = 317*q - 14. Let j be b(10). Let f = j + z. Is f composite?
False
Suppose 3*x + 15743 = 10*x. Let j = 3318 - x. Is j composite?
False
Let y = 175 + -175. Suppose y = -11*t + 25795 + 35200. Is t prime?
False
Suppose -1237791 = 2945*n - 2948*n. Is n a composite number?
True
Suppose -2*w + 0*w = 0, -5*i = 2*w - 30. Let t be 1 - (-4)/i*3. Suppose t*u = 121 + 53. Is u a composite number?
True
Let d = 32 - -943. Let c = d + -335. Suppose -f - 171 = -c. Is f prime?
False
Let t(h) = -7*h**3 - 3*h**2 + 11*h + 2. Let r(c) = c**3 + c - 1. Let f(p) = -4*r(p) + t(p). Is f(-4) composite?
True
Let f be (-106)/8 + 3/12. Let s(x) = x**3 + 19*x**2 + 4*x - 41. Is s(f) prime?
False
Suppose -31*l = -28*l - 3183. Let k = 206 + l. Is k a composite number?
True
Suppose -16*b + 15*b + 2 = 0. Suppose 3*z = -4*g + 23, -z + 25 = b*g - 4*z. Suppose -301 = -g*o + 18363. Is o prime?
True
Let a = 563 - 161. Suppose -5*o = -3*s + 2150 + 988, -4*o - 3138 = -3*s. Suppose a + 653 = p + 2*k, p - k - s = 0. Is p composite?
False
Suppose 2*k + 0*k - 10 = 4*n, 20 = 4*k - n. Suppose -k*v - 65157 = -4*i, 84285 = 5*i - 5*v + 2835. Is i composite?
True
Let i = 292 - 278. Suppose i*f + f = 64815. Is f a composite number?
True
Let f = 15 - 12. Suppose 5*b - 23 = -s, -b - b + f*s = 1. Suppose -7*i = -b*i - 2985. Is i a prime number?
False
Let j = 457366 - 84417. Is j a composite number?
True
Let p = 392190 + -209279. Is p a prime number?
False
Is (-82279022)/(-279) - 2*(-1)/18 composite?
True
Let r be (-1)/((-3)/6) - -876. Let s = 11437 - r. Is s prime?
True
Let u be 6/9 - (-320)/15. Let v(d) be the third derivative of d**6/120 - 11*d**5/30 + d**4/6 - 5*d**3 - 5*d**2. Is v(u) prime?
False
Let o be (1074/(-2))/(11 + 120/(-12)). Let k = o + 2870. Is k prime?
True
Suppose -2286982 = -54*b - 33939 + 3578903. Is b a prime number?
True
Let c(v) = -184*v + 31. Let l(b) = -61*b + 10. Let d(i) = 2*c(i) - 7*l(i). Let m be d(-3). Is m*(8/44 - (-128)/(-220)) prime?
False
Is 72179 + -30 - (-3 - 5)/4 prime?
False
Suppose 36*g - 1313732 - 208188 = 275164. Is g prime?
True
Let f(t) = 522*t**2 + 2*t - 129. Is f(-13) composite?
True
Let y be ((-4)/5 - -2)*(-5)/2. Let l be (-2 - y) + -1071 - (1 + 0). Let a = 1816 + l. Is a a composite number?
True
Let u be (5*18/30)/(6/8). Suppose -u*r + 42530 = 6*r. Is r composite?
False
Let u(b) = 11*b**3 + 33*b**2 - 74*b + 137. Let c(i) = -6*i**3 - 17*i**2 + 37*i - 68. Let h(t) = 5*c(t) + 3*u(t). Is h(14) a prime number?
True
Let r be (-5)/2*(-289 - 29). Let u = -486 + r. Is u a composite number?
True
Let w(s) = 15*s**2 + 4*s + 69. Suppose 0 = -0*u - 3*u + 5*p - 66, -3*p = -4*u - 88. Is w(u) a composite number?
True
Suppose 0 = -5*b + 122 - 137. Let s be 4569 - b/(-9)*0. Suppose t - s = -211. Is t a composite number?
True
Suppose -3*r + 8*i + 21 = 3*i, -4*i = 4*r + 4. Suppose -5*a - r*q + 3299 = -4*a, -9897 = -3*a + 3*q. Is a prime?
True
Let o = 312 - 789. Is (-2 + o)/(-2 - -1) a composite number?
False
Let h be 33/(-44)*(-2 + -14). Let y(l) = 1043*l - 73. Is y(h) composite?
True
Suppose 14*w - 16*w = -3*y + 13316, 0 = -y + 2*w + 4432. Let l = -2320 + y. Is l composite?
True
Suppose -16*j + 4*j + 371460 = 0. Let o = j - 20318. Is o a prime number?
False
Let n be -2 - (-9)/((-63)/(-49)). Suppose -5*c - 3*w = -5*w - 9074, -n*w = 10. Is c composite?
True
Let f(x) = x**3 + 12*x**2 + x + 8. Let l be f(-12). Let y be 56/35 + l/(-10). Is 131*((-1)/1 + y) a prime number?
True
Let w(v) = 18096*v - 6025. Is w(4) composite?
False
Let j be (-7)/(-21)*9/3. Is (36490/123)/(1 - j/3) a prime number?
False
Let r(c) = 15*c**3 - 20*c**2 + 28*c - 33. Let w be r(14). Let y = -21628 + w. Is y prime?
True
Let i(t) = -28*t**3 - t**2 - 3*t - 178. Is i(-12) composite?
True
Let o(s) = -3*s - 31. Let c be o(-17). Suppose 17*j -